q**3 + 2*q**2 - 6*q + 6. What is y(3)?
195
Let u(y) = -31*y - 659. Calculate u(-21).
-8
Let g(b) = -203*b - 807. Determine g(-4).
5
Let n(k) = k**3 + k**2 - 56*k - 153. Determine n(-5).
27
Let j(x) = x**3 - 33*x**2 - 2*x + 86. What is j(33)?
20
Let g(w) = 251*w**3 + 2*w**2 - 5*w + 2. What is g(1)?
250
Let g(c) = c**3 - 111*c**2 - 108*c - 447. Calculate g(112).
1
Let s(f) = -6*f**2 - 5*f + 72. What is s(-6)?
-114
Let b(h) = -h**3 - 5*h**2 + 30*h - 26. What is b(3)?
-8
Let w(i) = i**2 - 2*i - 58. Give w(8).
-10
Let x(s) = s**3 - 78*s**2 + 75*s + 98. Determine x(77).
-56
Let w(l) = -4683*l + 18741. Determine w(4).
9
Let n(w) = 3*w**2 + 221*w - 229. Determine n(-75).
71
Let k(w) = w - 189. Give k(-51).
-240
Let m(b) = 62*b + 384. What is m(-17)?
-670
Let p(y) = -109*y**2 - 109*y + 14. What is p(-1)?
14
Let q(u) = 4*u**2 - 46*u - 1285. What is q(-13)?
-11
Let a(l) = 7376*l + 206536. Give a(-28).
8
Let l(p) = -p**2 - 78*p - 1071. Determine l(-18).
9
Let f(c) = -19*c**3 - 31*c**2 + 24*c + 6. Give f(1).
-20
Let f(k) = -k**3 - 316*k**2 - 306*k + 2832. Determine f(-315).
-3
Let v(j) = 510*j - 2550. Give v(5).
0
Let i(d) = d**3 + 55*d**2 + 249*d - 26. What is i(-50)?
24
Let r(p) = -5*p**2 - 17*p + 185. Calculate r(8).
-271
Let o(n) = 21*n - 208. Give o(11).
23
Let k(h) = h**2 + 135*h - 1126. Give k(8).
18
Let f(t) = -t**3 - 3*t**2 - 3*t + 13. What is f(-6)?
139
Let v(o) = o**3 + 15*o**2 + 24*o + 337. Determine v(-12).
481
Let a(l) = l**3 - 16*l**2 - 40*l + 13. Give a(17).
-378
Let b(l) = l**3 + 32*l**2 - 1263*l + 110. Calculate b(-55).
0
Let l(m) = 9*m**2 + 1146*m + 1513. Determine l(-126).
1
Let b(o) = 54*o - 645. Give b(12).
3
Let x(f) = -f**3 - 11*f**2 + 13*f + 31. Determine x(-13).
200
Let v(a) = 5*a + 279. Determine v(-57).
-6
Let c(q) = 69*q - 8003. What is c(116)?
1
Let h(u) = -2*u**3 + 253*u**2 + 128*u - 111. Give h(127).
16
Let s(q) = 161*q - 6121. Give s(38).
-3
Let m(x) = -11*x - 350. Determine m(-33).
13
Let p(b) = b**2 - 25*b + 27. Calculate p(39).
573
Let i(q) = -q**3 - 7*q**2 + 11*q + 93. What is i(-6)?
-9
Let x(w) = 4*w**2 + 37*w + 68. Give x(-8).
28
Let a(f) = 5*f**3 - 571*f**2 + 110*f + 140. Give a(114).
-316
Let g(q) = -4*q**2 + 22*q + 36. What is g(7)?
-6
Let b(v) = -14*v**3 - 939*v**2 - 74*v - 473. Give b(-67).
-4
Let s(g) = 6*g - 235. Determine s(16).
-139
Let s(z) = z**3 + z**2 - 68*z - 194. What is s(9)?
4
Let c(k) = 2*k**3 - 19*k**2 + 18*k - 11. Calculate c(7).
-130
Let h(u) = -216*u - 14044. Calculate h(-65).
-4
Let s(q) = 2*q**2 - 20*q - 192. Determine s(-7).
46
Let n(x) = 36*x**2 - 9*x - 13. Calculate n(-2).
149
Let d(s) = s**3 + 33*s**2 - 70*s + 13. Give d(-35).
13
Let o(v) = v**3 + 2*v**2 + 7*v + 6. Calculate o(-3).
-24
Let f(i) = 2*i**2 - 11*i - 35. Calculate f(11).
86
Let f(l) = 2*l**3 - 4*l**2 - 30*l - 279. Give f(7).
1
Let d(m) = -m**2 + 628*m - 3736. Give d(6).
-4
Let z(u) = -68*u - 66. Give z(-2).
70
Let q(t) = t**2 + 31*t + 7. Determine q(-30).
-23
Let m(b) = -b**2 + 46*b - 522. Determine m(19).
-9
Let f(n) = -156*n + 630. Determine f(5).
-150
Let y(c) = -c**3 - 3*c**2 + 17*c + 21. Calculate y(-7).
98
Let z(y) = y**3 + y**2 + 20*y + 56. Give z(-6).
-244
Let p(k) = -4*k**3 + 470*k**2 + 238*k - 242. Determine p(118).
-6
Let k(o) = -o**3 + 75*o**2 - 133*o + 4374. Determine k(74).
8
Let i(j) = -189*j + 2085. What is i(11)?
6
Let s(l) = -5*l**2 + 262*l - 105. What is s(52)?
-1
Let o(i) = -i**2 - 404*i - 8432. Give o(-22).
-28
Let r(b) = -b**2 - 63*b - 409. Calculate r(-8).
31
Let z(w) = 6*w - 517. What is z(85)?
-7
Let g(b) = 2*b**2 - 58*b + 44. Determine g(0).
44
Let t(y) = y**3 + 4*y**2 - 16*y - 59. Give t(-5).
-4
Let f(c) = 10*c + 1. Determine f(7).
71
Let m(r) = -1758*r + 7017. Calculate m(4).
-15
Let o(a) = -a**3 - 111*a**2 - 111*a - 122. What is o(-110)?
-12
Let q(x) = 4*x**2 - 65*x - 17. Determine q(12).
-221
Let m(l) = 11*l**3 + 11*l**2 - 5. Determine m(-2).
-49
Let n(m) = 322*m**2 - 78*m - 79. Calculate n(-1).
321
Let h(k) = k**3 - 5*k**2 - 22*k + 14. Calculate h(6).
-82
Let q(w) = 45*w + 245. Calculate q(-12).
-295
Let h(i) = -223*i - 2628. Give h(-12).
48
Let z(n) = -5*n**2 - 306*n + 1248. Determine z(4).
-56
Let d(k) = 373*k + 1859. Give d(-5).
-6
Let f(k) = -3*k**2 - 70*k - 512. Determine f(-17).
-189
Let d(z) = -7*z - 130. Determine d(-19).
3
Let h(p) = -53*p - 2372. Determine h(-45).
13
Let c(s) = s**2 + 21*s + 73. Calculate c(-18).
19
Let b(p) = -36*p + 46. What is b(5)?
-134
Let s(n) = n**3 - 11*n**2 + 29*n. What is s(7)?
7
Let p(o) = 14*o**2 - 23*o - 10. Give p(0).
-10
Let v(f) = f**3 - 19*f**2 + 71*f - 14. What is v(14)?
0
Let q(b) = 8*b**2 + 208*b - 31. Give q(-24).
-415
Let t(h) = -707*h - 716. Calculate t(-1).
-9
Let p(x) = -x**2 + 11084*x - 44318. Calculate p(4).
2
Let l(s) = -35*s**2 - 3119*s - 348. Determine l(-89).
8
Let o(k) = -1289*k**2 - 6424*k + 10. Calculate o(-5).
-95
Let n(z) = -240*z + 733. Calculate n(3).
13
Let z(n) = -n**3 + 2*n**2 - n + 82. Determine z(5).
2
Let u(g) = 193*g + 7330. Calculate u(-38).
-4
Let i(d) = 8*d**2 - 351*d + 3728. Calculate i(18).
2
Let i(w) = -w**3 + 6*w**2 - 21*w + 286. Give i(8).
-10
Let j(w) = 627*w - 13150. Calculate j(21).
17
Let c(a) = a**2 + 62*a - 1522. Give c(-81).
17
Let g(a) = -a**3 - 82*a**2 + 529*a + 90. Calculate g(-88).
2
Let j(a) = -6*a + 251. Give j(20).
131
Let a(r) = -r**2 + 28*r + 147. Determine a(33).
-18
Let t(h) = h**3 - 41*h**2 + 247*h - 278. Determine t(34).
28
Let b(n) = -2*n**3 - 9*n**2 + 201*n + 865. Determine b(-4).
45
Let r(u) = 144*u + 4161. What is r(-29)?
-15
Let l(h) = 8*h**2 + 155*h + 713. What is l(-5)?
138
Let v(a) = -2*a**2 - 117*a + 914. Give v(7).
-3
Let i(u) = 9*u**3 + 175*u**2 + 72*u - 45. What is i(-19)?
31
Let s(y) = 513*y - 16917. What is s(33)?
12
Let q(c) = 190*c + 1158. Give q(-6).
18
Let g(h) = h**3 - 12*h**2 - 12*h + 122. What is g(9)?
-229
Let v(b) = 15736*b - 188833. What is v(12)?
-1
Let n(m) = 16*m + 21. Calculate n(-7).
-91
Let i(b) = b**3 + 2*b**2 + 29*b + 97. What is i(-3)?
1
Let h(b) = -b**3 + b**2 + 13*b + 46. Determine h(5).
11
Let j(f) = 1436*f - 27246. Determine j(19).
38
Let s(w) = -132*w - 3967. What is s(-30)?
-7
Let z(p) = 18*p - 237. What is z(11)?
-39
Let b(w) = w**3 + 4*w**2 - 33*w - 2. Calculate b(-8).
6
Let l(x) = -63*x + 8067. Determine l(128).
3
Let x(f) = -9*f**2 - 132*f - 76. Give x(-14).
8
Let b(m) = -9570*m + 153121. Give b(16).
1
Let l(i) = 52*i - 849. What is l(16)?
-17
Let s(n) = 18*n - 5. What is s(4)?
67
Let t(j) = -j**3 + 16*j**2 + 712*j + 292. Give t(36).
4
Let i(l) = 4566*l - 82180. Give i(18).
8
Let d(r) = r**3 - 12*r**2 - 13*r + 2. Determine d(13).
2
Let g(q) = 450*q + 11695. Give g(-26).
-5
Let w(b) = 3*b**2 + 100*b + 473. What is w(-5)?
48
Let n(r) = 106*r**2 + 952*r - 951. Calculate n(1).
107
Let v(z) = z**3 - 4*z**2 - 8*z + 35. What is v(3)?
2
Let n(a) = -5*a - 157. Calculate n(-32).
3
Let n(s) = s**2 + 16*s - 4693. Give n(61).
4
Let o(f) = -f**3 - 34*f**2 - 32*f + 5. Calculate o(-33).
-28
Let m(i) = 150*i + 3157. Calculate m(-21).
7
Let m(h) = 3*h**3 + 19*h**2 - 37*h - 261. Calculate m(-6).
-3
Let t(u) = 2*u**2 + 13*u - 84. Give t(-10).
-14
Let s(k) = 2*k**3 - 29*k**2 + 17*k - 10. What is s(14)?
32
Let u(p) = p**3 - 53*p**2 + 174*p - 55. What is u(3)?
17
Let c(q) = -2421*q - 19376. Give c(-8).
-8
Let q(c) = -46*c - 414. Give q(-9).
0
Let d(n) = n**3 + 28*n**2 - 26*n - 33. What is d(-29)?
-120
Let q(p) = p**2 - 13*p + 162. Calculate q(10).
132
Let c(l) = l**3 + 5*l**2 + 5. Calculate c(-7).
-93
Let w(q) = 6*q**3 + 1651*q**2 + 275*q + 11. What is w(-275)?
11
Let q(g) = -281*g + 2070. What is q(7)?
103
Let z(m) = -7*m + 13. What is z(14)?
-85
Let a(c) = -4*c**2 + 68*c - 38. Calculate a(17).
-38
Let t(i) = 3*i**2 + 97*i + 85. Calculate t(-29).
-205
Let s(j) = -4*j**2 + 11*j - 29. Determine s(8).
-197
Let o(b) = -1912*b - 1924. Give o(-1).
-12
Let z(x) = 3*x**2 + 51*x - 25. Determine z(-20).
155
Let c(t) = -55*t + 182. Give c(7).
-203
Let t(m) = -4*m**2 - 79*m + 175. Give t(2).
1
Let f(a) = -3*a**2 - 166*a - 519. What is f(-3)?
-48
Let u(f) = -f**3 + 6*f**2 + 20*f + 53. Calculate u(9).
-10
Let f(j) = -18*j + 77. Calculate f(-5).
167
Let g(c) = c**3 + 69*c**2 + 193*c - 333. Determine g(-66).
-3
Let y(o) = -36*o - 7587. Determine y(-212).
45
Let d(a) = -33*a - 262. Calculate